{"id":1038,"date":"2018-11-27T10:01:49","date_gmt":"2018-11-27T10:01:49","guid":{"rendered":"http:\/\/www.emades.ubi.pt\/?post_type=event&#038;p=1038"},"modified":"2019-05-18T09:09:30","modified_gmt":"2019-05-18T09:09:30","slug":"ii-seminario-do-emades","status":"publish","type":"event","link":"https:\/\/emades.ubi.pt\/index.php\/event\/ii-seminario-do-emades\/","title":{"rendered":"II Semin\u00e1rio do EMaDeS"},"content":{"rendered":"<p>Vai decorrer esta quarta-feira, dia 28 de novembro, na Faculdade de Engenharia da Universidade da Beira Interior (UBI), o II Semin\u00e1rio do EMaDeS. A iniciativa pretende promover, junto da comunidade acad\u00e9mica e do p\u00fablico em geral, os progressos cient\u00edficos que est\u00e3o a ser conseguidos no \u00e2mbito do projeto de investiga\u00e7\u00e3o EMaDeS-Energia, Materiais e Desenvolvimento Sustent\u00e1vel; dar conta dos m\u00e9todos de trabalho usados e consciencializar para a import\u00e2ncia da pesquisa para o desenvolvimento econ\u00f3mico e social da sociedade.<\/p>\n<p><img fetchpriority=\"high\" decoding=\"async\" src=\"http:\/\/www.emades.ubi.pt\/wp-content\/uploads\/2018\/11\/emades_cartaz_28NOV2018-724x1024.png\" alt=\"\" width=\"640\" height=\"105\" \/><\/p>\n","protected":false},"author":1,"featured_media":1037,"menu_order":0,"template":"","meta":[],"event_cat":[],"_links":{"self":[{"href":"https:\/\/emades.ubi.pt\/index.php\/wp-json\/wp\/v2\/event\/1038"}],"collection":[{"href":"https:\/\/emades.ubi.pt\/index.php\/wp-json\/wp\/v2\/event"}],"about":[{"href":"https:\/\/emades.ubi.pt\/index.php\/wp-json\/wp\/v2\/types\/event"}],"author":[{"embeddable":true,"href":"https:\/\/emades.ubi.pt\/index.php\/wp-json\/wp\/v2\/users\/1"}],"wp:featuredmedia":[{"embeddable":true,"href":"https:\/\/emades.ubi.pt\/index.php\/wp-json\/wp\/v2\/media\/1037"}],"wp:attachment":[{"href":"https:\/\/emades.ubi.pt\/index.php\/wp-json\/wp\/v2\/media?parent=1038"}],"wp:term":[{"taxonomy":"event_cat","embeddable":true,"href":"https:\/\/emades.ubi.pt\/index.php\/wp-json\/wp\/v2\/event_cat?post=1038"}],"curies":[{"name":"wp","href":"https:\/\/api.w.org\/{rel}","templated":true}]}}

II Seminário do EMaDeS

<p>Vai decorrer esta quarta-feira, dia 28 de novembro, na Faculdade de Engenharia da Universidade da Beira Interior (UBI), o II Seminário do EMaDeS. A iniciativa pretende promover, junto da comunidade académica e do público em geral, os progressos científicos que estão a ser conseguidos no âmbito do projeto de investigação EMaDeS-Energia, Materiais e Desenvolvimento Sustentável; dar conta dos métodos de trabalho usados e consciencializar para a importância da pesquisa para o desenvolvimento económico e social da sociedade.</p>
<p><img fetchpriority="high" decoding="async" src="http://www.emades.ubi.pt/wp-content/uploads/2018/11/emades_cartaz_28NOV2018-724x1024.png" alt="" width="640" height="105" /></p>
