{"id":613,"date":"2018-11-12T09:41:36","date_gmt":"2018-11-12T09:41:36","guid":{"rendered":"http:\/\/www.emades.ubi.pt\/?post_type=event&#038;p=613"},"modified":"2018-11-13T14:18:52","modified_gmt":"2018-11-13T14:18:52","slug":"workshop-energia-materiais-e-desenvolvimento-sustentavel-emades-2018","status":"publish","type":"event","link":"https:\/\/emades.ubi.pt\/index.php\/event\/workshop-energia-materiais-e-desenvolvimento-sustentavel-emades-2018\/","title":{"rendered":"Workshop Energia, Materiais e Desenvolvimento Sustent\u00e1vel &#8211; EMaDeS 2018"},"content":{"rendered":"<p>O Workshop Energia, Materiais e Desenvolvimento Sustent\u00e1vel &#8211; EMaDeS 2018 decorre no dia 29 de outubro, segunda-feira, na Faculdade de Engenharia da Universidade da Beira Interior (UBI). Esta iniciativa pretende dar a conhecer \u00e0 comunidade acad\u00e9mica e \u00e0 sociedade em geral os resultados\/avan\u00e7os cient\u00edficos que est\u00e3o a ser alcan\u00e7ados no \u00e2mbito do projeto de investiga\u00e7\u00e3o EMaDeS &#8211; Energia, Materiais e Desenvolvimento Sustent\u00e1vel.<\/p>\n<p>O evento tem in\u00edcio \u00e0s 10 horas, no anfiteatro 8.1, com a sess\u00e3o de abertura, que estar\u00e1 a cargo da coordenadora do projecto, Anna Guerman. Seguidamente, os coordenadores dos quatro grupos de trabalho (Melhoria da Efici\u00eancia Energ\u00e9tica em Sistemas e M\u00e1quinas; Materiais Avan\u00e7ados; Otimiza\u00e7\u00e3o do Produto e Inova\u00e7\u00e3o Tecnol\u00f3gica Incluindo Recursos End\u00f3genos e Comunica\u00e7\u00e3o e Dissemina\u00e7\u00e3o) apresentam as tarefas que t\u00eam sido concretizadas no \u00e2mbito deste projeto. Por \u00faltimo, \u00e9 a vez de os investigadores do EMaDeS mostrarem alguns resultados preliminares da investiga\u00e7\u00e3o que se encontram, ainda, a realizar. Desta forma, os membros da equipa ter\u00e3o oportunidade de explicar em que etapa se encontra a pesquisa na qual est\u00e3o a trabalhar, facilitando os fluxos de comunica\u00e7\u00e3o com o p\u00fablico interno e externo. A sess\u00e3o finaliza \u00e0s 17 horas.<\/p>\n<p><img fetchpriority=\"high\" decoding=\"async\" class=\"wp-image-406 size-large alignnone\" src=\"http:\/\/www.emades.ubi.pt\/wp-content\/uploads\/2018\/10\/cartaz-do-wokshop-do-emades-647x1024.jpg\" alt=\"\" width=\"640\" height=\"1013\" srcset=\"https:\/\/emades.ubi.pt\/wp-content\/uploads\/2018\/10\/cartaz-do-wokshop-do-emades-647x1024.jpg 647w, https:\/\/emades.ubi.pt\/wp-content\/uploads\/2018\/10\/cartaz-do-wokshop-do-emades-190x300.jpg 190w, https:\/\/emades.ubi.pt\/wp-content\/uploads\/2018\/10\/cartaz-do-wokshop-do-emades-768x1215.jpg 768w\" sizes=\"(max-width: 640px) 100vw, 640px\" \/><\/p>\n","protected":false},"author":1,"featured_media":406,"menu_order":0,"template":"","meta":[],"event_cat":[],"_links":{"self":[{"href":"https:\/\/emades.ubi.pt\/index.php\/wp-json\/wp\/v2\/event\/613"}],"collection":[{"href":"https:\/\/emades.ubi.pt\/index.php\/wp-json\/wp\/v2\/event"}],"about":[{"href":"https:\/\/emades.ubi.pt\/index.php\/wp-json\/wp\/v2\/types\/event"}],"author":[{"embeddable":true,"href":"https:\/\/emades.ubi.pt\/index.php\/wp-json\/wp\/v2\/users\/1"}],"wp:featuredmedia":[{"embeddable":true,"href":"https:\/\/emades.ubi.pt\/index.php\/wp-json\/wp\/v2\/media\/406"}],"wp:attachment":[{"href":"https:\/\/emades.ubi.pt\/index.php\/wp-json\/wp\/v2\/media?parent=613"}],"wp:term":[{"taxonomy":"event_cat","embeddable":true,"href":"https:\/\/emades.ubi.pt\/index.php\/wp-json\/wp\/v2\/event_cat?post=613"}],"curies":[{"name":"wp","href":"https:\/\/api.w.org\/{rel}","templated":true}]}}

Workshop Energia, Materiais e Desenvolvimento Sustentável &#8211; EMaDeS 2018

<p>O Workshop Energia, Materiais e Desenvolvimento Sustentável &#8211; EMaDeS 2018 decorre no dia 29 de outubro, segunda-feira, na Faculdade de Engenharia da Universidade da Beira Interior (UBI). Esta iniciativa pretende dar a conhecer à comunidade académica e à sociedade em geral os resultados/avanços científicos que estão a ser alcançados no âmbito do projeto de investigação EMaDeS &#8211; Energia, Materiais e Desenvolvimento Sustentável.</p>
<p>O evento tem início às 10 horas, no anfiteatro 8.1, com a sessão de abertura, que estará a cargo da coordenadora do projecto, Anna Guerman. Seguidamente, os coordenadores dos quatro grupos de trabalho (Melhoria da Eficiência Energética em Sistemas e Máquinas; Materiais Avançados; Otimização do Produto e Inovação Tecnológica Incluindo Recursos Endógenos e Comunicação e Disseminação) apresentam as tarefas que têm sido concretizadas no âmbito deste projeto. Por último, é a vez de os investigadores do EMaDeS mostrarem alguns resultados preliminares da investigação que se encontram, ainda, a realizar. Desta forma, os membros da equipa terão oportunidade de explicar em que etapa se encontra a pesquisa na qual estão a trabalhar, facilitando os fluxos de comunicação com o público interno e externo. A sessão finaliza às 17 horas.</p>
<p><img fetchpriority="high" decoding="async" class="wp-image-406 size-large alignnone" src="http://www.emades.ubi.pt/wp-content/uploads/2018/10/cartaz-do-wokshop-do-emades-647x1024.jpg" alt="" width="640" height="1013" srcset="https://emades.ubi.pt/wp-content/uploads/2018/10/cartaz-do-wokshop-do-emades-647x1024.jpg 647w, https://emades.ubi.pt/wp-content/uploads/2018/10/cartaz-do-wokshop-do-emades-190x300.jpg 190w, https://emades.ubi.pt/wp-content/uploads/2018/10/cartaz-do-wokshop-do-emades-768x1215.jpg 768w" sizes="(max-width: 640px) 100vw, 640px" /></p>
