{"id":690,"date":"2018-11-13T11:56:06","date_gmt":"2018-11-13T11:56:06","guid":{"rendered":"http:\/\/www.emades.ubi.pt\/?post_type=event&#038;p=690"},"modified":"2018-11-13T14:21:25","modified_gmt":"2018-11-13T14:21:25","slug":"seminario-do-emades","status":"publish","type":"event","link":"https:\/\/emades.ubi.pt\/index.php\/event\/seminario-do-emades\/","title":{"rendered":"Semin\u00e1rio do EMaDeS"},"content":{"rendered":"<p>O Semin\u00e1rio do EMaDeS decorre esta quarta-feira, dia 14 de novembro, na Faculdade de Engenharia da Universidade da Beira Interior (UBI). Com esta iniciativa pretende-se divulgar, junto da comunidade acad\u00e9mica e da sociedade em geral, os progressos cient\u00edficos que est\u00e3o a ser alcan\u00e7ados no \u00e2mbito do projeto de investiga\u00e7\u00e3o EMaDeS- Energia, Materiais e Desenvolvimento Sustent\u00e1vel e os m\u00e9todos de trabalho utilizados. Al\u00e9m disso, procura-se tamb\u00e9m consciencializar para o contributo que esta pesquisa ir\u00e1 dar para melhorar a qualidade de vida da popula\u00e7\u00e3o.<\/p>\n<p><img fetchpriority=\"high\" decoding=\"async\" class=\"alignnone size-full wp-image-688\" src=\"http:\/\/www.emades.ubi.pt\/wp-content\/uploads\/2018\/11\/emades_cartaz_14NOV2018.png\" alt=\"\" width=\"1684\" height=\"2384\" srcset=\"https:\/\/emades.ubi.pt\/wp-content\/uploads\/2018\/11\/emades_cartaz_14NOV2018.png 1684w, https:\/\/emades.ubi.pt\/wp-content\/uploads\/2018\/11\/emades_cartaz_14NOV2018-212x300.png 212w, https:\/\/emades.ubi.pt\/wp-content\/uploads\/2018\/11\/emades_cartaz_14NOV2018-768x1087.png 768w, https:\/\/emades.ubi.pt\/wp-content\/uploads\/2018\/11\/emades_cartaz_14NOV2018-723x1024.png 723w\" sizes=\"(max-width: 1684px) 100vw, 1684px\" \/><\/p>\n","protected":false},"author":1,"featured_media":688,"menu_order":0,"template":"","meta":[],"event_cat":[],"_links":{"self":[{"href":"https:\/\/emades.ubi.pt\/index.php\/wp-json\/wp\/v2\/event\/690"}],"collection":[{"href":"https:\/\/emades.ubi.pt\/index.php\/wp-json\/wp\/v2\/event"}],"about":[{"href":"https:\/\/emades.ubi.pt\/index.php\/wp-json\/wp\/v2\/types\/event"}],"author":[{"embeddable":true,"href":"https:\/\/emades.ubi.pt\/index.php\/wp-json\/wp\/v2\/users\/1"}],"wp:featuredmedia":[{"embeddable":true,"href":"https:\/\/emades.ubi.pt\/index.php\/wp-json\/wp\/v2\/media\/688"}],"wp:attachment":[{"href":"https:\/\/emades.ubi.pt\/index.php\/wp-json\/wp\/v2\/media?parent=690"}],"wp:term":[{"taxonomy":"event_cat","embeddable":true,"href":"https:\/\/emades.ubi.pt\/index.php\/wp-json\/wp\/v2\/event_cat?post=690"}],"curies":[{"name":"wp","href":"https:\/\/api.w.org\/{rel}","templated":true}]}}

Seminário do EMaDeS

<p>O Seminário do EMaDeS decorre esta quarta-feira, dia 14 de novembro, na Faculdade de Engenharia da Universidade da Beira Interior (UBI). Com esta iniciativa pretende-se divulgar, junto da comunidade académica e da sociedade em geral, os progressos científicos que estão a ser alcançados no âmbito do projeto de investigação EMaDeS- Energia, Materiais e Desenvolvimento Sustentável e os métodos de trabalho utilizados. Além disso, procura-se também consciencializar para o contributo que esta pesquisa irá dar para melhorar a qualidade de vida da população.</p>
<p><img fetchpriority="high" decoding="async" class="alignnone size-full wp-image-688" src="http://www.emades.ubi.pt/wp-content/uploads/2018/11/emades_cartaz_14NOV2018.png" alt="" width="1684" height="2384" srcset="https://emades.ubi.pt/wp-content/uploads/2018/11/emades_cartaz_14NOV2018.png 1684w, https://emades.ubi.pt/wp-content/uploads/2018/11/emades_cartaz_14NOV2018-212x300.png 212w, https://emades.ubi.pt/wp-content/uploads/2018/11/emades_cartaz_14NOV2018-768x1087.png 768w, https://emades.ubi.pt/wp-content/uploads/2018/11/emades_cartaz_14NOV2018-723x1024.png 723w" sizes="(max-width: 1684px) 100vw, 1684px" /></p>
