{"id":1625,"date":"2019-07-22T10:26:32","date_gmt":"2019-07-22T10:26:32","guid":{"rendered":"http:\/\/www.emades.ubi.pt\/?page_id=1625"},"modified":"2021-01-12T22:19:42","modified_gmt":"2021-01-12T22:19:42","slug":"materiais-avancados","status":"publish","type":"page","link":"https:\/\/emades.ubi.pt\/index.php\/equipa\/comunicacoes\/materiais-avancados\/","title":{"rendered":"Materiais avan\u00e7ados"},"content":{"rendered":"<p><strong>2020<br \/>\n<\/strong><\/p>\n<p>&gt;M.P. Silva, P. Santos, J.P. Parente, S. Valvez, P.N.B. Reis \u201cHybridization effect on the impact properties of flax composites\u201d 1st Virtual Euroepan Conference on Fracture, VECF1, 29 de junho de 2020.<\/p>\n<p>&gt;P. Santos, S. Valvez, P.N.B. Reis \u201cMechanical characterization of different epoxy resins enhanced with carbon nanofibers\u201d 1st Virtual Euroepan Conference on Fracture, VECF1, 30 de junho de 2020.<\/p>\n<p>&gt;P. Santos, S. Valvez, A. Monjon, P.N.B. Reis \u201cThe effect of fibre hybridisation on the viscoelastic properties of polymeric composites\u201d 1st Virtual Euroepan Conference on Fracture, VECF1, 30 de junho de 2020.<\/p>\n<p><strong>2019<\/strong><\/p>\n<p>&gt;M.F. Vassal, J. Nunes-Pereira, S.P. Miguel, I. J. Correia, <u>A.P. Silva<\/u>, Effect of stoichiometric calcium zirconate dopant on the decomposition of hydroxyapatite, ECerS XVI &#8211; Conference of the European Ceramic Society, June 16-21 of 2019, Turim, Italy.<\/p>\n<p>&gt;P. M.C. Carneiro, P. V. Gamboa, C. Baud\u00edn, <u>A. P. Silva<\/u>, reconstruction and validation of the microstructure of the real zirconia toughened alumina ceramic composite, ECerS XVI &#8211; Conference of the European Ceramic Society, June 16-21 of 2019, Turim, Italy.<\/p>\n<p>&gt;P. M.C. Carneiro, P. V. Gamboa, C. Baud\u00edn, <u>A. P. Silva<\/u>, Numerical study of elastic modulus of ceramic composites, CNN 2019 \u2013 Congress on Numerical Methods in Engineering, July 1-3 of 2019, Guimar\u00e3es, Portugal.<\/p>\n<p>&gt;Jose Molina, Alberto Maceiras, Bo\u017cena Szczucka-Lasota, Tomasz W\u0119grzyn, <u>Ab\u00edlio P. Silva<\/u>, Manufacturing and characterization of epoxy resin with Fe<sub>3<\/sub>O<sub>4<\/sub> and SiO<sub>2<\/sub> particles, ICEUBI 2019, November 27-29 of 2019, University of Beira Interior, Covilha, Portugal.<\/p>\n<p>&gt;M.P. Silva, P. Santos, J.M. Parente, P.N.B. Reis \u201cHybridization and Water Ageing Effect on Viscoelastic Behaviour of Flax Fibre Green Composite\u201d 23rd International Conference on Advanced Materials and Simulation, Barcelona-Espanha, 2 a 3 de dezembro de 2019.<\/p>\n<p>&gt;Jose Molina, Alberto Maceiras, Bo\u017cena Szczucka-Lasota, Tomasz W\u0119grzyn, Ab\u00edlio P. Silva, Manufacturing and characterization of epoxy resin with Fe3O4 and SiO2 particles, ICEUBI 2019, November 27-29 of 2019, University of Beira Interior, Covilh\u00e3, Portugal.<strong><br \/>\n<\/strong><\/p>\n<p>&gt; M.F. Vassal, J. Nunes-Pereira, S.P. Miguel, I. J. Correia, A.P. Silva,\u00a0Effect of stoichiometric calcium zirconate dopant on the decomposition of hydroxyapatite,\u00a0ECerS XVI &#8211; Conference of the European Ceramic Society, June 16-21 of 2019, Turim, Italy<\/p>\n<p>&gt; P. M.C. Carneiro, P. V. Gamboa, C. Baud\u00edn, A. P. Silva,\u00a0reconstruction and validation of the microstructure of the real zirconia toughened alumina ceramic composite,\u00a0ECerS XVI &#8211; Conference of the European Ceramic Society, June 16-21 of 2019, Turim, Italy.<\/p>\n<p>&gt; P. M.C. Carneiro, P. V. Gamboa, C. Baud\u00edn, A. P. Silva,\u00a0Numerical study of elastic modulus of ceramic composites,\u00a0CNN 2019 \u2013 Congress on Numerical Methods in Engineering, July 1-3 of 2019, Guimar\u00e3es, Portugal<\/p>\n<p>&#8211; Jo\u00e3o V. Cardoso, J. Nunes Pereira, <u>Ab\u00edlio P. Silva<\/u>. Fabrication of adhesively-bonded cfrp t-joints for stiffener pull-off tests. Oral presentation by Cardoso on XVI Portuguese Conference on Fracture 2018, 23-24th April 2018, Covilh\u00e3, Portugal.<\/p>\n<p><strong>2018<\/strong><\/p>\n<p>&gt;D\u00e9bora Babo, J. Nunes Pereira, <u>Ab\u00edlio P. Silva<\/u>, Pilar Pena, Carmen Baudin. Design and thermal conductivity of a functionally gradient ceramic based on CaZrO<sub>3<\/sub> \u2013 MgO. Oral presentation by D\u00e9bora on XVI Portuguese Conference on Fracture 2018, 23-24th April 2018, Covilh\u00e3, Portugal.<\/p>\n<p>&gt;J. Nunes Pereira, <u>Ab\u00edlio P. Silva<\/u>, Pilar Pena, Carmen Baudin. Advanced CaZrO<sub>3<\/sub>-MgO ceramic compositions for high responsibility applications. Oral presentation by Nunes-Pereira on XVI Portuguese Conference on Fracture 2018, 23-24th April 2018, Covilh\u00e3, Portugal.<\/p>\n<p>&gt;D\u00e9bora Babo, Pedro D. Silva, Pilar Pena, Carmen Baudin, <u>Ab\u00edlio P. Silva<\/u>, Characterization of a Functionally Gradient Ceramic Based on CaZrO<sub>3<\/sub> \u2013 MgO. Poster presentation at the V Congreso Hispano-Luso de Cer\u00e1mica y Vidrio y LVI Congreso Nacional de la SECV, October 8-10th, 2018, Barcelona, Spain.<\/p>\n<p>&gt;J. Nunes Pereira, Pilar Pena, Carmen Baudin, <u>Ab\u00edlio P. Silva<\/u>, Development and characterization of ceramic composites based on CaZrO<sub>3<\/sub>-MgO. Oral presentation at the V Congreso Hispano-Luso de Cer\u00e1mica y Vidrio y LVI Congreso Nacional de la SECV, October 8-10th, 2018, Barcelona, Spain.<\/p>\n<p>&gt;P.N.B. Reis, M.P. Silva, P. Santos \u201cViscoelastic behavior of Hybrid Laminates with Nano-enhanced Resin\u201d, Proc. 26th International Conference on Composites or Nano Engineering, ICCE 26, Millennium Hotel Paris Charles de Gaulle, Paris-Fran\u00e7a, 15 a 21 de julho de 2018.<\/p>\n<p>&nbsp;<\/p>\n","protected":false},"excerpt":{"rendered":"<p>2020 &gt;M.P. Silva, P. Santos, J.P. Parente, S. Valvez, P.N.B. Reis \u201cHybridization effect on the impact properties of flax composites\u201d 1st Virtual Euroepan Conference on Fracture, VECF1, 29 de junho de 2020. &gt;P. Santos, S. Valvez, P.N.B. Reis \u201cMechanical characterization of different epoxy resins enhanced with carbon nanofibers\u201d 1st Virtual Euroepan Conference on Fracture, VECF1,&hellip;<\/p>\n","protected":false},"author":1,"featured_media":0,"parent":67,"menu_order":0,"comment_status":"closed","ping_status":"closed","template":"","meta":[],"_links":{"self":[{"href":"https:\/\/emades.ubi.pt\/index.php\/wp-json\/wp\/v2\/pages\/1625"}],"collection":[{"href":"https:\/\/emades.ubi.pt\/index.php\/wp-json\/wp\/v2\/pages"}],"about":[{"href":"https:\/\/emades.ubi.pt\/index.php\/wp-json\/wp\/v2\/types\/page"}],"author":[{"embeddable":true,"href":"https:\/\/emades.ubi.pt\/index.php\/wp-json\/wp\/v2\/users\/1"}],"replies":[{"embeddable":true,"href":"https:\/\/emades.ubi.pt\/index.php\/wp-json\/wp\/v2\/comments?post=1625"}],"version-history":[{"count":5,"href":"https:\/\/emades.ubi.pt\/index.php\/wp-json\/wp\/v2\/pages\/1625\/revisions"}],"predecessor-version":[{"id":1829,"href":"https:\/\/emades.ubi.pt\/index.php\/wp-json\/wp\/v2\/pages\/1625\/revisions\/1829"}],"up":[{"embeddable":true,"href":"https:\/\/emades.ubi.pt\/index.php\/wp-json\/wp\/v2\/pages\/67"}],"wp:attachment":[{"href":"https:\/\/emades.ubi.pt\/index.php\/wp-json\/wp\/v2\/media?parent=1625"}],"curies":[{"name":"wp","href":"https:\/\/api.w.org\/{rel}","templated":true}]}}