{"id":1855,"date":"2021-01-12T23:20:37","date_gmt":"2021-01-12T23:20:37","guid":{"rendered":"http:\/\/www.emades.ubi.pt\/?page_id=1855"},"modified":"2021-01-12T23:28:49","modified_gmt":"2021-01-12T23:28:49","slug":"materiais","status":"publish","type":"page","link":"https:\/\/emades.ubi.pt\/index.php\/equipa\/patentes\/materiais\/","title":{"rendered":"Materiais avan\u00e7ados"},"content":{"rendered":"<p><strong>2020<\/strong><\/p>\n<p><strong>&gt;<\/strong>Jo\u00e3o Cardoso, Ab\u00edlio Silva \u2013 Pedido de Patente n.\u00ba 110901 &#8211; \u201cM\u00e9todo de fabrico de membros enrijecedores comp\u00f3sitos com recurso a um molde auxiliar interno\u201d &#8211; submetida em 01\/08\/2018. Publicada a 03\/02\/2020 com o n\u00famero de Publica\u00e7\u00e3o: PT 110901 A.<\/p>\n","protected":false},"excerpt":{"rendered":"<p>2020 &gt;Jo\u00e3o Cardoso, Ab\u00edlio Silva \u2013 Pedido de Patente n.\u00ba 110901 &#8211; \u201cM\u00e9todo de fabrico de membros enrijecedores comp\u00f3sitos com recurso a um molde auxiliar interno\u201d &#8211; submetida em 01\/08\/2018. Publicada a 03\/02\/2020 com o n\u00famero de Publica\u00e7\u00e3o: PT 110901 A.<\/p>\n","protected":false},"author":1,"featured_media":0,"parent":1846,"menu_order":0,"comment_status":"closed","ping_status":"closed","template":"","meta":[],"_links":{"self":[{"href":"https:\/\/emades.ubi.pt\/index.php\/wp-json\/wp\/v2\/pages\/1855"}],"collection":[{"href":"https:\/\/emades.ubi.pt\/index.php\/wp-json\/wp\/v2\/pages"}],"about":[{"href":"https:\/\/emades.ubi.pt\/index.php\/wp-json\/wp\/v2\/types\/page"}],"author":[{"embeddable":true,"href":"https:\/\/emades.ubi.pt\/index.php\/wp-json\/wp\/v2\/users\/1"}],"replies":[{"embeddable":true,"href":"https:\/\/emades.ubi.pt\/index.php\/wp-json\/wp\/v2\/comments?post=1855"}],"version-history":[{"count":3,"href":"https:\/\/emades.ubi.pt\/index.php\/wp-json\/wp\/v2\/pages\/1855\/revisions"}],"predecessor-version":[{"id":1866,"href":"https:\/\/emades.ubi.pt\/index.php\/wp-json\/wp\/v2\/pages\/1855\/revisions\/1866"}],"up":[{"embeddable":true,"href":"https:\/\/emades.ubi.pt\/index.php\/wp-json\/wp\/v2\/pages\/1846"}],"wp:attachment":[{"href":"https:\/\/emades.ubi.pt\/index.php\/wp-json\/wp\/v2\/media?parent=1855"}],"curies":[{"name":"wp","href":"https:\/\/api.w.org\/{rel}","templated":true}]}}

Materiais avançados

<p><strong>2020</strong></p>
<p><strong>&gt;</strong>João Cardoso, Abílio Silva – Pedido de Patente n.º 110901 &#8211; “Método de fabrico de membros enrijecedores compósitos com recurso a um molde auxiliar interno” &#8211; submetida em 01/08/2018. Publicada a 03/02/2020 com o número de Publicação: PT 110901 A.</p>

<p>2020 &gt;João Cardoso, Abílio Silva – Pedido de Patente n.º 110901 &#8211; “Método de fabrico de membros enrijecedores compósitos com recurso a um molde auxiliar interno” &#8211; submetida em 01/08/2018. Publicada a 03/02/2020 com o número de Publicação: PT 110901 A.</p>
