{"id":1858,"date":"2021-01-12T23:21:44","date_gmt":"2021-01-12T23:21:44","guid":{"rendered":"http:\/\/www.emades.ubi.pt\/?page_id=1858"},"modified":"2021-01-12T23:29:36","modified_gmt":"2021-01-12T23:29:36","slug":"otimizacao-produtos","status":"publish","type":"page","link":"https:\/\/emades.ubi.pt\/index.php\/equipa\/patentes\/otimizacao-produtos\/","title":{"rendered":"Otimiza\u00e7\u00e3o de produtos e inova\u00e7\u00e3o tecnol\u00f3gica incluindo recursos end\u00f3genos"},"content":{"rendered":"<p><strong>2020<\/strong><\/p>\n<p>&gt;\u00c2ngelo Rodrigues Silvestre Miguel e Pedro Jorge Ferreira Alves. Mecanismo de varia\u00e7\u00e3o autom\u00e1tica do passo da p\u00e1 de uma h\u00e9lice de passo vari\u00e1vel. Publicada com o n\u00famero PT PT110672A. Universidade da Beira Interior.<\/p>\n","protected":false},"excerpt":{"rendered":"<p>2020 &gt;\u00c2ngelo Rodrigues Silvestre Miguel e Pedro Jorge Ferreira Alves. Mecanismo de varia\u00e7\u00e3o autom\u00e1tica do passo da p\u00e1 de uma h\u00e9lice de passo vari\u00e1vel. Publicada com o n\u00famero PT PT110672A. Universidade da Beira Interior.<\/p>\n","protected":false},"author":1,"featured_media":0,"parent":1846,"menu_order":0,"comment_status":"closed","ping_status":"closed","template":"","meta":[],"_links":{"self":[{"href":"https:\/\/emades.ubi.pt\/index.php\/wp-json\/wp\/v2\/pages\/1858"}],"collection":[{"href":"https:\/\/emades.ubi.pt\/index.php\/wp-json\/wp\/v2\/pages"}],"about":[{"href":"https:\/\/emades.ubi.pt\/index.php\/wp-json\/wp\/v2\/types\/page"}],"author":[{"embeddable":true,"href":"https:\/\/emades.ubi.pt\/index.php\/wp-json\/wp\/v2\/users\/1"}],"replies":[{"embeddable":true,"href":"https:\/\/emades.ubi.pt\/index.php\/wp-json\/wp\/v2\/comments?post=1858"}],"version-history":[{"count":4,"href":"https:\/\/emades.ubi.pt\/index.php\/wp-json\/wp\/v2\/pages\/1858\/revisions"}],"predecessor-version":[{"id":1867,"href":"https:\/\/emades.ubi.pt\/index.php\/wp-json\/wp\/v2\/pages\/1858\/revisions\/1867"}],"up":[{"embeddable":true,"href":"https:\/\/emades.ubi.pt\/index.php\/wp-json\/wp\/v2\/pages\/1846"}],"wp:attachment":[{"href":"https:\/\/emades.ubi.pt\/index.php\/wp-json\/wp\/v2\/media?parent=1858"}],"curies":[{"name":"wp","href":"https:\/\/api.w.org\/{rel}","templated":true}]}}

Otimização de produtos e inovação tecnológica incluindo recursos endógenos

<p><strong>2020</strong></p>
<p>&gt;Ângelo Rodrigues Silvestre Miguel e Pedro Jorge Ferreira Alves. Mecanismo de variação automática do passo da pá de uma hélice de passo variável. Publicada com o número PT PT110672A. Universidade da Beira Interior.</p>

<p>2020 &gt;Ângelo Rodrigues Silvestre Miguel e Pedro Jorge Ferreira Alves. Mecanismo de variação automática do passo da pá de uma hélice de passo variável. Publicada com o número PT PT110672A. Universidade da Beira Interior.</p>
