{"id":297,"date":"2018-07-10T14:26:38","date_gmt":"2018-07-10T14:26:38","guid":{"rendered":"http:\/\/www.emades.ubi.pt\/?page_id=297"},"modified":"2020-06-15T13:51:01","modified_gmt":"2020-06-15T13:51:01","slug":"plano-de-comunicacao-e-disseminacao","status":"publish","type":"page","link":"https:\/\/emades.ubi.pt\/index.php\/comunicacao\/plano-de-comunicacao-e-disseminacao\/","title":{"rendered":"Plano de Comunicac\u0327a\u0303o e Disseminac\u0327a\u0303o"},"content":{"rendered":"<p>O Plano de Comunica\u00e7\u00e3o e Dissemina\u00e7\u00e3o define a estrat\u00e9gia de comunica\u00e7\u00e3o a utilizar para a divulga\u00e7\u00e3o do projeto EMaDeS &#8211; Energia, Materiais e Desenvolvimento Sustent\u00e1vel, junto de tr\u00eas p\u00fablicos-alvo: a comunidade acad\u00e9mica, o p\u00fablico em geral e as ind\u00fastrias e empresas da Regi\u00e3o Centro.<\/p>\n<p>&gt; <u><a href=\"http:\/\/www.emades.ubi.pt\/wp-content\/uploads\/2018\/07\/emades-plano-de-comunicacao-e-disseminacao-final.pdf\">Plano de Comunica\u00e7\u00e3o e Dissemina\u00e7\u00e3o<\/a><br \/>\n<\/u><\/p>\n<p>&nbsp;<\/p>\n","protected":false},"excerpt":{"rendered":"<p>O Plano de Comunica\u00e7\u00e3o e Dissemina\u00e7\u00e3o define a estrat\u00e9gia de comunica\u00e7\u00e3o a utilizar para a divulga\u00e7\u00e3o do projeto EMaDeS &#8211; Energia, Materiais e Desenvolvimento Sustent\u00e1vel, junto de tr\u00eas p\u00fablicos-alvo: a comunidade acad\u00e9mica, o p\u00fablico em geral e as ind\u00fastrias e empresas da Regi\u00e3o Centro. &gt; Plano de Comunica\u00e7\u00e3o e Dissemina\u00e7\u00e3o &nbsp;<\/p>\n","protected":false},"author":1,"featured_media":0,"parent":32,"menu_order":0,"comment_status":"closed","ping_status":"closed","template":"","meta":[],"_links":{"self":[{"href":"https:\/\/emades.ubi.pt\/index.php\/wp-json\/wp\/v2\/pages\/297"}],"collection":[{"href":"https:\/\/emades.ubi.pt\/index.php\/wp-json\/wp\/v2\/pages"}],"about":[{"href":"https:\/\/emades.ubi.pt\/index.php\/wp-json\/wp\/v2\/types\/page"}],"author":[{"embeddable":true,"href":"https:\/\/emades.ubi.pt\/index.php\/wp-json\/wp\/v2\/users\/1"}],"replies":[{"embeddable":true,"href":"https:\/\/emades.ubi.pt\/index.php\/wp-json\/wp\/v2\/comments?post=297"}],"version-history":[{"count":9,"href":"https:\/\/emades.ubi.pt\/index.php\/wp-json\/wp\/v2\/pages\/297\/revisions"}],"predecessor-version":[{"id":1782,"href":"https:\/\/emades.ubi.pt\/index.php\/wp-json\/wp\/v2\/pages\/297\/revisions\/1782"}],"up":[{"embeddable":true,"href":"https:\/\/emades.ubi.pt\/index.php\/wp-json\/wp\/v2\/pages\/32"}],"wp:attachment":[{"href":"https:\/\/emades.ubi.pt\/index.php\/wp-json\/wp\/v2\/media?parent=297"}],"curies":[{"name":"wp","href":"https:\/\/api.w.org\/{rel}","templated":true}]}}

<p>O Plano de Comunicação e Disseminação define a estratégia de comunicação a utilizar para a divulgação do projeto EMaDeS &#8211; Energia, Materiais e Desenvolvimento Sustentável, junto de três públicos-alvo: a comunidade académica, o público em geral e as indústrias e empresas da Região Centro.</p>
<p>&gt; <u><a href="http://www.emades.ubi.pt/wp-content/uploads/2018/07/emades-plano-de-comunicacao-e-disseminacao-final.pdf">Plano de Comunicação e Disseminação</a><br />
</u></p>
<p>&nbsp;</p>

<p>O Plano de Comunicação e Disseminação define a estratégia de comunicação a utilizar para a divulgação do projeto EMaDeS &#8211; Energia, Materiais e Desenvolvimento Sustentável, junto de três públicos-alvo: a comunidade académica, o público em geral e as indústrias e empresas da Região Centro. &gt; Plano de Comunicação e Disseminação &nbsp;</p>
