{"id":364,"date":"2018-10-10T16:23:36","date_gmt":"2018-10-10T16:23:36","guid":{"rendered":"http:\/\/www.emades.ubi.pt\/?page_id=364"},"modified":"2021-07-12T14:10:10","modified_gmt":"2021-07-12T14:10:10","slug":"otimizacao-de-produtos","status":"publish","type":"page","link":"https:\/\/emades.ubi.pt\/index.php\/equipa\/artigos-cientificos\/otimizacao-de-produtos\/","title":{"rendered":"Otimiza\u00e7\u00e3o de produtos e inova\u00e7\u00e3o tecnol\u00f3gica incluindo recursos end\u00f3genos"},"content":{"rendered":"<h3>2021<\/h3>\n<p>&gt;Leit\u00e3o, J, Ferreira, J. Dynamic Effects of Material Production and Environmental Sustainability on Economic Vitality Indicators: A Panel VAR Approach. Journal of Risk and Financial Management. 2021; 14(2):1-20.\u00a0<a href=\"https:\/\/doi.org\/10.3390\/jrfm14020074\">https:\/\/doi.org\/10.3390\/jrfm14020074<\/a><\/p>\n<p>&gt;Leit\u00e3o, J, Ferreira, J, Santibanez\u2010Gonzalez, E. Green bonds, sustainable development and environmental policy in the European Union carbon market. Business Strategy &amp;amp; Environment. 2021; 1\u2013 14.\u00a0<a href=\"https:\/\/doi.org\/10.1002\/bse.2733\">https:\/\/doi.org\/10.1002\/bse.2733<\/a><\/p>\n<p>&gt;Leit\u00e3o, J.; Ferreira, J. (2021). Oil shocks and stock market performance: Evidence from the Eurozone and the USA, in: Devezas, T., Leit\u00e3o, J., and Saygulov, A. (Eds), The Economics of Digital Information, Studies on Entrepreneurship, Structural Change and Industrial Dynamics,<br \/>\nSpringer.\u00a0<a href=\"https:\/\/doi.org\/10.1007\/978-3-030-59959-1_7\">https:\/\/doi.org\/10.1007\/978-3-030-59959-1_7<\/a><\/p>\n<p>&gt;Devezas, T.; J. Leit\u00e3o; &amp;amp; A. Sarygulov (Eds.) (2021), The Economics of Digital Transformation: Approaching non-stable and uncertain digitalized production systems. Series: Studies on Entrepreneurship, Structural Change and Industrial Dynamics, Springer, Heidelberg, Germany. <a href=\"https:\/\/doi.org\/10.1007\/978-3-030-59959-1\">https:\/\/doi.org\/10.1007\/978-3-030-59959-1<\/a><\/p>\n<h3>2020<\/h3>\n<p>&gt;Garcez A.P.B., da Silva R.M., de Matos L.C.I., Lima T.D.F.M., de Lima C.E.B., Santos F.C. (2020) Purchase System for People with Reduced Mobility: Promoting Equity Idealized by Society 5.0. In: Thom\u00e9 A.M.T., Barbastefano R.G., Scavarda L.F., dos Reis J.C.G., Amorim M.P.C. (eds) Industrial Engineering and Operations Management. IJCIEOM 2020. Springer Proceedings in Mathematics &amp;amp; Statistics, vol 337. Springer, Cham.\u00a0<a href=\"https:\/\/doi.org\/10.1007\/978-3-030-56920-4_37\">https:\/\/doi.org\/10.1007\/978-3-030-56920-4_37<\/a><\/p>\n<p>&gt;A.P. Braga Garcez, R. Silva, T.D. Felgueiras Miranda Lima, F.M. Bigares Charrua Santos, G.J. Os\u00f3rio, M.J. Batista Franco (2020) BECOME AN ENTREPRENEUR: THE SKILL NEEDS OF LABOUR MARKET, ICERI2020 Proceedings, pp. 471 478. <a href=\"http:\/\/dx.doi.org\/10.21125\/iceri.2020.0140\">http:\/\/dx.doi.org\/10.21125\/iceri.2020.0140<\/a><\/p>\n<p>&gt;Brito, S\u00f3nia de; Leit\u00e3o, J (2020). Spatial and Sectoral Determinants of Productivity: An Empirical Approach Using an Entropy Lens. <em>Entropy<\/em>. 22,(11). <a href=\"https:\/\/doi.org\/10.3390\/e22111271\">https:\/\/doi.org\/10.3390\/e22111271<\/a>.<\/p>\n<p>&gt;Jo\u00e3o Leit\u00e3o; Dina Pereira; S\u00f3nia de Brito. &#8220;Inbound and Outbound Practices of Open Innovation and Eco-Innovation: Contrasting Bioeconomy and Non-Bioeconomy Firms&#8221;. <em>Journal of Open Innovation: Technology, Market, and Complexity<\/em>.6,(4) . <a href=\"https:\/\/doi.org\/10.3390\/joitmc6040145\">https:\/\/doi.org\/10.3390\/joitmc6040145<\/a>.<\/p>\n<p>&gt;Alves, P., Silvestre, M., &amp; Gamboa, P. (2020). Aircraft Propellers\u2014Is There a Future?. Energies, 13(16), 4157.<\/p>\n<p>&gt;Silva RM, Silva ARC, Lima TM, Charrua-Santos F, Os\u00f3rio GJ, (2020) Energy Sustainability Universal Index (ESUI): A Proposed Framework Applied to the Decision-MakingEvaluation in Power System Generation, Journal of Cleaner Production, <a href=\"https:\/\/doi.org\/10.1016\/j.jclepro.2020.124167\">https:\/\/doi.org\/10.1016\/j.jclepro.2020.124167<\/a> .<\/p>\n<p>&gt;Andreia G. Pereira; T\u00e2nia M. Lima; Charrua-Santos, Fernando. (2020) &#8220;Industry 4.0 and Society 5.0: Opportunities and Threats&#8221;. International Journal of Recent Technology and Engineering 8 5: 3305-3308. <a href=\"http:\/\/dx.doi.org\/10.35940\/ijrte.d8764.018520\">http:\/\/dx.doi.org\/10.35940\/ijrte.d8764.018520<\/a>.<\/p>\n<p>&gt;De Brito, S., &amp; Leit\u00e3o, J. (2020). Mapping and defining entrepreneurial ecosystems: a systematic literature review. Knowledge Management Research &amp; Practice, 1-22.<\/p>\n<p>&nbsp;<\/p>\n<p>&nbsp;<\/p>\n<h3>2019<\/h3>\n<p>&gt;Santos, Beatrice Paiva; Santos, Fernando; Lima, T\u00e2nia M.. (2019) &#8220;Challenges and Opportunities Towards an Industry 4.0 Production&#8221;. In Transaction on Transactions on Engineering Technologies, 317-329. Springer,. Doi:10.1007\/978-981-32-9531-5_24 .<\/p>\n<p>&gt;Charrua-Santos, F.; Calais, J.; Santos, B. Paiva; Lima, T. M.. (2019) &#8220;Layout and Industrial Efficiency: A Case Study&#8221;. In Transactions on Engineering Technologies, 331-345. Springer Singapore, Doi:10.1007\/978-981-32-9531-5_25 .<\/p>\n<p>&gt;Louren\u00e7o, M.; Lima, T.M.; Gaspar, P.D.; Santos, F.C.. (2019) &#8220;Assessment and improvement opportunities for occupational health and safety in the Portuguese food processing industry&#8221;. In Advances in Intelligent Systems and Computing, 731-738. Springer Verlag, 2019. Doi:10.1007\/978-3-030-14730-3_76 .<\/p>\n<p>&gt; <span style=\"font-weight: 400;\">Fernando Charrua-Santos, Beatrice Paiva Santos, Cindy Calder\u00f3n-Arce, Geovanni Figueroa-Mata and T\u00e2nia Miranda Lima, 2019, Scheduling Operations and SMED: Complementary Ways to Improve Productivity, Engineering and Operations Management I, <\/span><a href=\"https:\/\/www.scopus.com\/sourceid\/21100255398?origin=resultslist\"><span style=\"font-weight: 400;\">Springer Proceedings in Mathematics and Statistics<\/span><\/a><span style=\"font-weight: 400;\"> 280, pp. 221-227. <\/span><\/p>\n<p>&gt; <span style=\"font-weight: 400;\">Leit\u00e3o, J.; de Brito, S.; Cubico, S. Eco-Innovation Influencers: Unveiling the Role of Lean Management Principles Adoption. Sustainability 2019, 11, 2225.<\/span><\/p>\n<p>&gt; <span style=\"font-weight: 400;\">Vieira, F\u00e1tima L., Paulo A. Vieira, and Denis A. Coelho. &#8220;A Data-Driven Approach to Development of a Taxonomy Framework for Triple Bottom LineMetrics&#8221;. Sustainability 11, no. 9 (2019): 2717.<\/span><a href=\"http:\/\/doi.org\/10.3390\/su11092717\"><span style=\"font-weight: 400;\">http:\/\/doi.org\/10.3390\/su11092717<\/span><\/a><\/p>\n<p>&gt; <span style=\"font-weight: 400;\">Zocca, R., Gaspar, P.D., Silva, P.D., Charrua-Santos, F(&#8230;), Andrade, L.P., Nunes, J., 2019, <\/span><a href=\"https:\/\/www.scopus.com\/record\/display.uri?eid=2-s2.0-85064461095&amp;origin=resultslist&amp;sort=plf-f&amp;src=s&amp;st1=Charrua-santos&amp;st2=&amp;nlo=1&amp;nlr=20&amp;nls=count-f&amp;sid=c044d3dfd927d7c3f920c1edea685d90&amp;sot=anl&amp;sdt=aut&amp;sl=39&amp;s=AU-ID%28%22Charrua-Santos%2c+F.%22+54880606000%29&amp;relpos=3&amp;citeCnt=0&amp;searchTerm=\"><span style=\"font-weight: 400;\">Decision-making computationally aided in the management of energy sources used in agrifood industries<\/span><\/a><span style=\"font-weight: 400;\">, <\/span><a href=\"https:\/\/www.scopus.com\/sourceid\/17700156736?origin=resultslist\"><span style=\"font-weight: 400;\">Energy Procedia<\/span><\/a><span style=\"font-weight: 400;\">,161, pp. 100-107<\/span><\/p>\n<p>&gt; <span style=\"font-weight: 400;\">Diogo Morais., Gaspar, P.D., Silva, P.D., Fernando, C, Santos(&#8230;), Andrade, L.P., Nunes, J., 2019, <\/span><a href=\"https:\/\/www.scopus.com\/record\/display.uri?eid=2-s2.0-85064451376&amp;origin=resultslist&amp;sort=plf-f&amp;src=s&amp;st1=Charrua-santos&amp;st2=&amp;nlo=1&amp;nlr=20&amp;nls=count-f&amp;sid=c044d3dfd927d7c3f920c1edea685d90&amp;sot=anl&amp;sdt=aut&amp;sl=39&amp;s=AU-ID%28%22Charrua-Santos%2c+F.%22+54880606000%29&amp;relpos=4&amp;citeCnt=0&amp;searchTerm=\"><span style=\"font-weight: 400;\">Assessment of the energy consumption and technologies in the bakery and pastry sector &#8211; The Portuguese case study<\/span><\/a><span style=\"font-weight: 400;\">, <\/span><a href=\"https:\/\/www.scopus.com\/sourceid\/17700156736?origin=resultslist\"><span style=\"font-weight: 400;\">Energy Procedia<\/span><\/a><span style=\"font-weight: 400;\">, 161, pp. 83-92<\/span><\/p>\n<p>&gt; F\u00e1tima L. Vieira, Miguel L. Louren\u00e7o, Denis A. Coelho (2019). Macroergonomics and Change Management for Sustainability in Water Centric Community, pages. 30-33.<\/p>\n<p>&nbsp;<\/p>\n<h3>2018<\/h3>\n<p>&gt;Zocca, Renan; Lima, T\u00e2nia M.; Gaspar, Pedro D.; Charrua-Santos, Fernando. (2018) &#8220;Kaizen Approach for the Systematic Review of Occupational Safety and Health Procedures in Food Industries&#8221;. In Human Systems Engineering and Design. Advances in Intelligent Systems and Computing, 722-727. Springer International Publishing. Doi:10.1007\/978-3-030-02053-8_110 .<\/p>\n<p>&gt; Henrique T. Bitebe, Fernando Charrua-Santos, T\u00e2nia M. Lima e Beatrice P. Santos. The Challenges of the Angolan Manufacturing Industry in the 4th Industrial Revolution. The South African Journal of Industrial Engineering (In press).<\/p>\n<p>&gt; Beatrice P. Santos, Agostinho Alberto, T\u00e2nia M. Lima e Fernando Charrua-Santos. 2018. Ind\u00fastria 4.0: Desafios e Oportunidades . Revista Produ\u00e7\u00e3o e Desenvolvimento, v.4, n.1, p.111-124. <a href=\"http:\/\/revistas.cefet-rj.br\/index.php\/producaoedesenvolvimento\/article\/view\/316\">http:\/\/revistas.cefet-rj.br\/index.php\/producaoedesenvolvimento\/article\/view\/316<\/a><\/p>\n<p>&gt; Fernando Charrua-Santos, Beatrice P. Santos T\u00e2nia M. Lima, Cindy Calder\u00f3n-Arce, Geovanni Figueroa-Mata. 2018. Scheduling Operations and SMED: Complementary Ways to Improve Productivity. Proceedings of the IJCIEOM 2018: XXIV International Conference on Industrial Engineering and Operations Management 2018, July 18-20, Lisbon, Portugal .<\/p>\n<p>&gt; Beatrice P. Santos, Fernando Charrua-Santos e T\u00e2nia M. Lima. 2018. Industry 4.0: An Overview. Proceedings of the ICMEEM 2018 &#8211; International Conference of Manufacturing Engineering and Engineering Management, 4-6 July, London, England.<\/p>\n<p>&gt; F. Charrua-Santos, J. Calais and B. Paiva Santos. 2018. Layout as a Determinant Factor in the Efficiency of Industrial Manufacturing. ICMEEM 2018 &#8211; International Conference of Manufacturing Engineering and Engineering Management, 4-6 July, London, England .<\/p>\n<p>&gt; Henrique T. Bitebe, T\u00e2nia M. Lima, Fernando Charrua-Santos, Jo\u00e3o C. Matias Oliveira. 2018. Proposal for a Model of Economic Integration for the Development of the Industry in Cabinda, Angola. International Journal of Economics and Management Engineering, Vol:12, No:2, 2018. <a href=\"https:\/\/waset.org\/publications\/10008668\/proposal-for-a-model-of-economic-integration-for-the-development-of-industry-in-cabinda-angola\">https:\/\/waset.org\/publications\/10008668\/proposal-for-a-model-of-economic-integration-for-the-development-of-industry-in-cabinda-angola<\/a><\/p>\n<p>&gt; J.M.C. Ribeiro, R. Godina, J.C.O. Matias, L.J.R. Nunes, \u201cFuture Perspectives of Biomass Torrefaction: Review of the Current State-Of-The-Art and Research Development\u201d, Sustainability, (MDPI), Vol. 10, No. 7, pp. 1-17, July 2018. <a href=\"https:\/\/doi.org\/10.3390\/su10072323\">https:\/\/doi.org\/10.3390\/su10072323<\/a> \/ <a href=\"https:\/\/www.mdpi.com\/2071-1050\/10\/7\/2323\">https:\/\/www.mdpi.com\/2071-1050\/10\/7\/2323<\/a><\/p>\n<p>&gt; R. Godina, E. Pouresmaeil, J.C.O. Matias, J.P.S. Catal\u00e3o, &#8220;Model Predictive Control Home Energy Management and Optimization Strategy with Demand Response&#8221;, Applied Sciences, (MDPI),\u00a0 Vol. 8, No. 3, pp. 1-19, March 2018.\u00a0<a href=\"http:\/\/dx.doi.org\/10.3390\/app8030408\"> http:\/\/dx.doi.org\/10.3390\/app8030408<\/a> \/ <a href=\"https:\/\/www.mdpi.com\/2076-3417\/8\/3\/408\">https:\/\/www.mdpi.com\/2076-3417\/8\/3\/408<\/a><\/p>\n<p>&gt; R. Godina, L.J.R. Nunes, F. M. B. C. Santos, J.C.O. Matias, &#8220;Logistics Cost Analysis between Wood Pellets and Torrefied Biomass Pellets: The Case of Portugal&#8221;, 2018 7th International Conference on Industrial Technology and Management, Oxford, UK, March 7-9, 2018. <a href=\"https:\/\/doi.org\/10.1109\/ICITM.2018.8333962\">https:\/\/doi.org\/10.1109\/ICITM.2018.8333962<\/a> \/ <a href=\"https:\/\/ieeexplore.ieee.org\/document\/8333962\">https:\/\/ieeexplore.ieee.org\/document\/8333962<\/a><\/p>\n<p>&gt; Tiago E. P. Carrola e Denis A. Coelho.2018. \u201cConceptual model for management of intellectual capital derived from systemic analysis\u201d. CIBEM 2017: 13\u00ba Congresso Ibero-americano em Engenharia Mec\u00e2nica, 23-26 October, Lisbon, Portugal.<\/p>\n<p>&gt; L.J.R. Nunes, R. Godina, J.C.O. Matias, &#8220;Characterization and Possible Use of Fly Ashes from Anthracite Combustion in a Thermal Power Plant&#8221;, in: Proceedings of the 18th IEEE International Conference on Environment and Electrical Engineering \u2014 EEEIC 2018, Palermo, Italy, 12-15 June, 2018<br \/>\n<a href=\"https:\/\/doi.org\/10.1109\/EEEIC.2018.8494445\">https:\/\/doi.org\/10.1109\/EEEIC.2018.8494445<\/a>\u00a0\/ <a href=\"https:\/\/ieeexplore.ieee.org\/abstract\/document\/8494445\">https:\/\/ieeexplore.ieee.org\/abstract\/document\/8494445<\/a><\/p>\n<p>&gt; A. Rodrigues, L.J.R. Nunes, R. Godina, J.C.O. Matias, &#8220;Correlation Between Chemical Alterations and Energetic Properties in Torrefied Biomass&#8221;, in: Proceedings of the 18th IEEE International Conference on Environment and Electrical Engineering \u2014 EEEIC 2018, Palermo, Italy, 12-15 June, 2018.\u00a0<a href=\" https:\/\/doi.org\/10.1109\/EEEIC.2018.8494587\"> https:\/\/doi.org\/10.1109\/EEEIC.2018.8494587 <\/a>\u00a0\/ <a href=\"https:\/\/ieeexplore.ieee.org\/abstract\/document\/8494587\">https:\/\/ieeexplore.ieee.org\/abstract\/document\/8494587<\/a><\/p>\n<p>&gt; H. Viana, A. Rodrigues, D. Lopes, R. Godina, L.J.R. Nunes, J.C.O. Matias, &#8220;Pinus Pinaster and Eucalyptus Globulus Energetic Properties and Ash Characterization&#8221;, in: Proceedings of the IEEE 18th International Conference on Environment and Electrical Engineering \u2014 EEEIC 2018, Palermo, Italy, 12-15 June, 2018 <a href=\"https:\/\/doi.org\/10.1109\/EEEIC.2018.8494618\">https:\/\/doi.org\/10.1109\/EEEIC.2018.8494618<\/a> \/\u00a0<a href=\"https:\/\/ieeexplore.ieee.org\/abstract\/document\/8494618\"> https:\/\/ieeexplore.ieee.org\/abstract\/document\/8494618<\/a><\/p>\n<p>&gt; H.F.d.S. Viana, A.M. Rodrigues, R. Godina, J.C.O. Matias, L.J.R. Nunes, &#8220;Evaluation of the Physical, Chemical and Thermal Properties of Portuguese Maritime Pine Biomass&#8221;, Sustainability (MDPI), Vol. 10, No. 8, 2877, August 2018. <a href=\"http:\/\/www.mdpi.com\/2071-1050\/10\/8\/2877 \">http:\/\/www.mdpi.com\/2071-1050\/10\/8\/2877 <\/a>\u00a0\/ <a href=\"https:\/\/doi.org\/10.3390\/su10082877\">https:\/\/doi.org\/10.3390\/su10082877<\/a><\/p>\n<p>&gt; R. Godina, C. Pimentel, F. J. G. Silva, J.C.O. Matias, &#8220;Improvement of the Statistical Process Control Certainty in an Automotive Manufacturing Unit&#8221;, 28th International Conference on Flexible Automation and Intelligent Manufacturing- FAIM, Columbus, Ohio, USA, June 10-14, 2018. <a href=\"https:\/\/doi.org\/10.1016\/j.promfg.2018.10.123\">https:\/\/doi.org\/10.1016\/j.promfg.2018.10.123<\/a><\/p>\n<p>&gt; R. Godina, C. Pimentel, F. J. G. Silva, J.C.O. Matias, &#8220;A Structural Literature Review of the Single Minute Exchange of Die: The Latest Trends\u201d, 28th International Conference on Flexible Automation and Intelligent Manufacturing- FAIM, Columbus, Ohio, USA, June 10-14, 2018. <a href=\"https:\/\/doi.org\/10.1016\/j.promfg.2018.10.129\">https:\/\/doi.org\/10.1016\/j.promfg.2018.10.129<\/a><\/p>\n<p>&gt; M. Martins, R. Godina, C. Pimentel, F. J. G. Silva, J.C.O. Matias, \u201cA Practical Study of the Application of SMED to Electron-beam Machining in Automotive Industry\u201d, 28th International Conference on Flexible Automation and Intelligent Manufacturing- FAIM, Columbus, Ohio, USA, June 10-14, 2018. <a href=\"https:\/\/doi.org\/10.1016\/j.promfg.2018.10.113\">https:\/\/doi.org\/10.1016\/j.promfg.2018.10.113<\/a><\/p>\n<p>&nbsp;<\/p>\n<h3>2017<\/h3>\n<p>&gt; Beatrice Paiva Santos, Agostinho Alberto, T\u00e2nia M. Lima, Fernando Charrua-Santos. 2017. Ind\u00fastria 4.0: Desafios e Oportunidades. Proceedings of the CIBEM 2017: 13\u00ba Congresso Ibero-americano em Engenharia Mec\u00e2nica, 23-26 October, Lisbon, Portugal.<\/p>\n<p>&gt; T\u00e2nia M. Lima, Beatrice Paiva Santos e Fernando Charrua-Santos. 2017. Industry 4.0 and Lean Manufacturing. Proceedings of the 5\u00ba International Scientific Conference, Modern problems of economics growth, Current challenges of economics in theory and pratice, 18-19 May, Plock, Poland.<\/p>\n<p>&gt; Denis A. Coelho, Tiago E. P. Carrola e Ana F. Couvinhas, \u201cImprovement of Certified Artisan Cheese Production through Systemic Analysis- Serra da Estrela PDO\u201d, Sustainability, (MDPI), Vol. 9, No.3, pp. 1-18, March 2017. <a href=\"https:\/\/doi.org\/10.3390\/su9030468\">https:\/\/doi.org\/10.3390\/su9030468\u00a0<\/a> \/ <a href=\"https:\/\/www.mdpi.com\/2071-1050\/9\/3\/468\">https:\/\/www.mdpi.com\/2071-1050\/9\/3\/468<\/a><\/p>\n<p>&nbsp;<\/p>\n","protected":false},"excerpt":{"rendered":"<p>2021 &gt;Leit\u00e3o, J, Ferreira, J. Dynamic Effects of Material Production and Environmental Sustainability on Economic Vitality Indicators: A Panel VAR Approach. Journal of Risk and Financial Management. 2021; 14(2):1-20.\u00a0https:\/\/doi.org\/10.3390\/jrfm14020074 &gt;Leit\u00e3o, J, Ferreira, J, Santibanez\u2010Gonzalez, E. Green bonds, sustainable development and environmental policy in the European Union carbon market. Business Strategy &amp;amp; Environment. 2021; 1\u2013 14.\u00a0https:\/\/doi.org\/10.1002\/bse.2733&hellip;<\/p>\n","protected":false},"author":1,"featured_media":0,"parent":65,"menu_order":0,"comment_status":"closed","ping_status":"closed","template":"","meta":[],"_links":{"self":[{"href":"https:\/\/emades.ubi.pt\/index.php\/wp-json\/wp\/v2\/pages\/364"}],"collection":[{"href":"https:\/\/emades.ubi.pt\/index.php\/wp-json\/wp\/v2\/pages"}],"about":[{"href":"https:\/\/emades.ubi.pt\/index.php\/wp-json\/wp\/v2\/types\/page"}],"author":[{"embeddable":true,"href":"https:\/\/emades.ubi.pt\/index.php\/wp-json\/wp\/v2\/users\/1"}],"replies":[{"embeddable":true,"href":"https:\/\/emades.ubi.pt\/index.php\/wp-json\/wp\/v2\/comments?post=364"}],"version-history":[{"count":28,"href":"https:\/\/emades.ubi.pt\/index.php\/wp-json\/wp\/v2\/pages\/364\/revisions"}],"predecessor-version":[{"id":1881,"href":"https:\/\/emades.ubi.pt\/index.php\/wp-json\/wp\/v2\/pages\/364\/revisions\/1881"}],"up":[{"embeddable":true,"href":"https:\/\/emades.ubi.pt\/index.php\/wp-json\/wp\/v2\/pages\/65"}],"wp:attachment":[{"href":"https:\/\/emades.ubi.pt\/index.php\/wp-json\/wp\/v2\/media?parent=364"}],"curies":[{"name":"wp","href":"https:\/\/api.w.org\/{rel}","templated":true}]}}