{"id":41,"date":"2018-03-16T11:31:54","date_gmt":"2018-03-16T11:31:54","guid":{"rendered":"http:\/\/193.136.67.100\/~emades\/?page_id=41"},"modified":"2019-04-05T08:41:20","modified_gmt":"2019-04-05T08:41:20","slug":"visao-geral","status":"publish","type":"page","link":"https:\/\/emades.ubi.pt\/index.php\/sample-page\/visao-geral\/","title":{"rendered":"Vis\u00e3o Geral"},"content":{"rendered":"<p>O <span style=\"color: #333333;\"><strong>EMaDeS<\/strong><\/span> \u2013 <strong>Energia, Materiais e Desenvolvimento Sustent\u00e1vel<\/strong> trata-se de um projeto de investiga\u00e7\u00e3o que, atrav\u00e9s de processos altamente inovadores, pretende aumentar o conhecimento cient\u00edfico nas \u00e1reas relacionadas com a energia, materiais e desenvolvimento sustent\u00e1vel e, posteriormente, transferir o saber gerado para o tecido industrial da Regi\u00e3o Centro, contribuindo, assim, para melhorar a produtividade e competitividade das ind\u00fastrias desta zona do pa\u00eds.<\/p>\n<p>Este programa, que se desenvolve na <a href=\"http:\/\/www.ubi.pt\/\"><strong>Universidade da Beira Interior<\/strong><\/a> (UBI), possui as seguintes linhas de investiga\u00e7\u00e3o:<br \/>\n<strong>RL1\u00a0<\/strong>&#8211; Melhoria da Efici\u00eancia Energ\u00e9tica em Sistemas e M\u00e1quinas;<br \/>\n<strong>RL2<\/strong> -Materiais Avan\u00e7ados;<br \/>\n<strong>RL3<\/strong> &#8211; Otimiza\u00e7\u00e3o do Produto e Inova\u00e7\u00e3o Tecnol\u00f3gica Incluindo Recursos End\u00f3genos<\/p>\n<p>Al\u00e9m disso, inclui ainda um outro eixo de pesquisa que est\u00e1 relacionado com a Comunica\u00e7\u00e3o de Ci\u00eancia, divulgando-se, desta forma, os objetivos, atividades, progressos e resultados do projeto, junto dos seus tr\u00eas p\u00fablicos-alvo, nomeadamente comunidade acad\u00e9mica, p\u00fablico em geral e ind\u00fastrias e empresas da Regi\u00e3o Centro.<\/p>\n<p>Teve in\u00edcio no ano de 2017 e prolonga-se at\u00e9 2020, envolvendo tr\u00eas unidades de investiga\u00e7\u00e3o da UBI, respectivamente o <em>Centre for Mechanical and Aerospace Science and Technologies <\/em>(<a href=\"http:\/\/www.aerospace.ubi.pt\/new\/index.html\"><strong>C-MAST<\/strong><\/a>), em colabora\u00e7\u00e3o com o <em>Fiber Materials and Environmental Technologies<\/em> (<a href=\"https:\/\/www.ubi.pt\/entidade\/FibEnTech\"><strong>FibEnTech<\/strong><\/a>) e <strong><a href=\"http:\/\/www.labcom-ifp.ubi.pt\/\">LabCom.IFP<\/a>\u00a0<\/strong>&#8211; <em>Communication, Philosophy and Humanities<\/em>. O programa \u00e9 apoiado por verbas comunit\u00e1rias inscritas no Portugal 2020.<\/p>\n","protected":false},"excerpt":{"rendered":"<p>O EMaDeS \u2013 Energia, Materiais e Desenvolvimento Sustent\u00e1vel trata-se de um projeto de investiga\u00e7\u00e3o que, atrav\u00e9s de processos altamente inovadores, pretende aumentar o conhecimento cient\u00edfico nas \u00e1reas relacionadas com a energia, materiais e desenvolvimento sustent\u00e1vel e, posteriormente, transferir o saber gerado para o tecido industrial da Regi\u00e3o Centro, contribuindo, assim, para melhorar a produtividade e&hellip;<\/p>\n","protected":false},"author":1,"featured_media":0,"parent":2,"menu_order":1,"comment_status":"closed","ping_status":"closed","template":"","meta":[],"_links":{"self":[{"href":"https:\/\/emades.ubi.pt\/index.php\/wp-json\/wp\/v2\/pages\/41"}],"collection":[{"href":"https:\/\/emades.ubi.pt\/index.php\/wp-json\/wp\/v2\/pages"}],"about":[{"href":"https:\/\/emades.ubi.pt\/index.php\/wp-json\/wp\/v2\/types\/page"}],"author":[{"embeddable":true,"href":"https:\/\/emades.ubi.pt\/index.php\/wp-json\/wp\/v2\/users\/1"}],"replies":[{"embeddable":true,"href":"https:\/\/emades.ubi.pt\/index.php\/wp-json\/wp\/v2\/comments?post=41"}],"version-history":[{"count":8,"href":"https:\/\/emades.ubi.pt\/index.php\/wp-json\/wp\/v2\/pages\/41\/revisions"}],"predecessor-version":[{"id":1229,"href":"https:\/\/emades.ubi.pt\/index.php\/wp-json\/wp\/v2\/pages\/41\/revisions\/1229"}],"up":[{"embeddable":true,"href":"https:\/\/emades.ubi.pt\/index.php\/wp-json\/wp\/v2\/pages\/2"}],"wp:attachment":[{"href":"https:\/\/emades.ubi.pt\/index.php\/wp-json\/wp\/v2\/media?parent=41"}],"curies":[{"name":"wp","href":"https:\/\/api.w.org\/{rel}","templated":true}]}}

Visão Geral

<p>O <span style="color: #333333;"><strong>EMaDeS</strong></span> – <strong>Energia, Materiais e Desenvolvimento Sustentável</strong> trata-se de um projeto de investigação que, através de processos altamente inovadores, pretende aumentar o conhecimento científico nas áreas relacionadas com a energia, materiais e desenvolvimento sustentável e, posteriormente, transferir o saber gerado para o tecido industrial da Região Centro, contribuindo, assim, para melhorar a produtividade e competitividade das indústrias desta zona do país.</p>
<p>Este programa, que se desenvolve na <a href="http://www.ubi.pt/"><strong>Universidade da Beira Interior</strong></a> (UBI), possui as seguintes linhas de investigação:<br />
<strong>RL1 </strong>&#8211; Melhoria da Eficiência Energética em Sistemas e Máquinas;<br />
<strong>RL2</strong> -Materiais Avançados;<br />
<strong>RL3</strong> &#8211; Otimização do Produto e Inovação Tecnológica Incluindo Recursos Endógenos</p>
<p>Além disso, inclui ainda um outro eixo de pesquisa que está relacionado com a Comunicação de Ciência, divulgando-se, desta forma, os objetivos, atividades, progressos e resultados do projeto, junto dos seus três públicos-alvo, nomeadamente comunidade académica, público em geral e indústrias e empresas da Região Centro.</p>
<p>Teve início no ano de 2017 e prolonga-se até 2020, envolvendo três unidades de investigação da UBI, respectivamente o <em>Centre for Mechanical and Aerospace Science and Technologies </em>(<a href="http://www.aerospace.ubi.pt/new/index.html"><strong>C-MAST</strong></a>), em colaboração com o <em>Fiber Materials and Environmental Technologies</em> (<a href="https://www.ubi.pt/entidade/FibEnTech"><strong>FibEnTech</strong></a>) e <strong><a href="http://www.labcom-ifp.ubi.pt/">LabCom.IFP</a> </strong>&#8211; <em>Communication, Philosophy and Humanities</em>. O programa é apoiado por verbas comunitárias inscritas no Portugal 2020.</p>

<p>O EMaDeS – Energia, Materiais e Desenvolvimento Sustentável trata-se de um projeto de investigação que, através de processos altamente inovadores, pretende aumentar o conhecimento científico nas áreas relacionadas com a energia, materiais e desenvolvimento sustentável e, posteriormente, transferir o saber gerado para o tecido industrial da Região Centro, contribuindo, assim, para melhorar a produtividade e&hellip;</p>
