{"id":59,"date":"2018-03-16T11:41:15","date_gmt":"2018-03-16T11:41:15","guid":{"rendered":"http:\/\/193.136.67.100\/~emades\/?page_id=59"},"modified":"2018-10-01T08:25:06","modified_gmt":"2018-10-01T08:25:06","slug":"comissao-de-acompanhamento-industria-academia","status":"publish","type":"page","link":"https:\/\/emades.ubi.pt\/index.php\/sobre-nos\/comissao-de-acompanhamento-industria-academia\/","title":{"rendered":"Comiss\u00e3o de Acompanhamento Ind\u00fastria-Academia"},"content":{"rendered":"<p>Brevemente dispon\u00edvel.<\/p>\n","protected":false},"excerpt":{"rendered":"<p>Brevemente dispon\u00edvel.<\/p>\n","protected":false},"author":1,"featured_media":0,"parent":8,"menu_order":5,"comment_status":"closed","ping_status":"closed","template":"","meta":[],"_links":{"self":[{"href":"https:\/\/emades.ubi.pt\/index.php\/wp-json\/wp\/v2\/pages\/59"}],"collection":[{"href":"https:\/\/emades.ubi.pt\/index.php\/wp-json\/wp\/v2\/pages"}],"about":[{"href":"https:\/\/emades.ubi.pt\/index.php\/wp-json\/wp\/v2\/types\/page"}],"author":[{"embeddable":true,"href":"https:\/\/emades.ubi.pt\/index.php\/wp-json\/wp\/v2\/users\/1"}],"replies":[{"embeddable":true,"href":"https:\/\/emades.ubi.pt\/index.php\/wp-json\/wp\/v2\/comments?post=59"}],"version-history":[{"count":5,"href":"https:\/\/emades.ubi.pt\/index.php\/wp-json\/wp\/v2\/pages\/59\/revisions"}],"predecessor-version":[{"id":338,"href":"https:\/\/emades.ubi.pt\/index.php\/wp-json\/wp\/v2\/pages\/59\/revisions\/338"}],"up":[{"embeddable":true,"href":"https:\/\/emades.ubi.pt\/index.php\/wp-json\/wp\/v2\/pages\/8"}],"wp:attachment":[{"href":"https:\/\/emades.ubi.pt\/index.php\/wp-json\/wp\/v2\/media?parent=59"}],"curies":[{"name":"wp","href":"https:\/\/api.w.org\/{rel}","templated":true}]}}

Comissão de Acompanhamento Indústria-Academia

<p>Brevemente disponível.</p>
