{"id":65,"date":"2018-03-16T11:44:14","date_gmt":"2018-03-16T11:44:14","guid":{"rendered":"http:\/\/193.136.67.100\/~emades\/?page_id=65"},"modified":"2021-07-12T14:16:17","modified_gmt":"2021-07-12T14:16:17","slug":"artigos-cientificos","status":"publish","type":"page","link":"https:\/\/emades.ubi.pt\/index.php\/equipa\/artigos-cientificos\/","title":{"rendered":"Artigos Cient\u00edficos"},"content":{"rendered":"\t\t<div data-elementor-type=\"wp-post\" data-elementor-id=\"65\" class=\"elementor elementor-65\">\n\t\t\t\t\t\t<section class=\"elementor-section elementor-top-section elementor-element elementor-element-6611c743 elementor-section-boxed elementor-section-height-default elementor-section-height-default\" data-id=\"6611c743\" data-element_type=\"section\">\n\t\t\t\t\t\t<div class=\"elementor-container elementor-column-gap-default\">\n\t\t\t\t\t<div class=\"elementor-column elementor-col-100 elementor-top-column elementor-element elementor-element-438770c5\" data-id=\"438770c5\" data-element_type=\"column\">\n\t\t\t<div class=\"elementor-widget-wrap elementor-element-populated\">\n\t\t\t\t\t\t<div class=\"elementor-element elementor-element-c5d00a6 elementor-widget elementor-widget-text-editor\" data-id=\"c5d00a6\" data-element_type=\"widget\" data-widget_type=\"text-editor.default\">\n\t\t\t\t<div class=\"elementor-widget-container\">\n\t\t\t\t\t\t\t<p><a href=\"http:\/\/www.emades.ubi.pt\/index.php\/equipa\/artigos-cientificos\/melhoria-da-eficiencia\/\"> Melhoria da efici\u00eancia energ\u00e9tica em sistemas e m\u00e1quinas<\/a><\/p><p><a href=\"http:\/\/www.emades.ubi.pt\/index.php\/equipa\/artigos-cientificos\/materiais-avancados\/\">Materiais avan\u00e7ados <\/a><\/p><p><a href=\"http:\/\/www.emades.ubi.pt\/index.php\/equipa\/artigos-cientificos\/otimizacao-de-produtos\/\">Otimiza\u00e7\u00e3o de produtos e inova\u00e7\u00e3o tecnol\u00f3gica incluindo recursos end\u00f3genos<\/a><\/p><p><a href=\"http:\/\/www.emades.ubi.pt\/index.php\/equipa\/artigos-cientificos\/comunicacao-e-disseminacao\/\"> Comunica\u00e7\u00e3o e Dissemina\u00e7\u00e3o<\/a><\/p>\t\t\t\t\t\t<\/div>\n\t\t\t\t<\/div>\n\t\t\t\t\t<\/div>\n\t\t<\/div>\n\t\t\t\t\t<\/div>\n\t\t<\/section>\n\t\t\t\t<section class=\"elementor-section elementor-top-section elementor-element elementor-element-f72e9c2 elementor-section-boxed elementor-section-height-default elementor-section-height-default\" data-id=\"f72e9c2\" data-element_type=\"section\">\n\t\t\t\t\t\t<div class=\"elementor-container elementor-column-gap-default\">\n\t\t\t\t\t<div class=\"elementor-column elementor-col-33 elementor-top-column elementor-element elementor-element-45515e8\" data-id=\"45515e8\" data-element_type=\"column\">\n\t\t\t<div class=\"elementor-widget-wrap elementor-element-populated\">\n\t\t\t\t\t\t<div class=\"elementor-element elementor-element-11abdc1 elementor-widget elementor-widget-image\" data-id=\"11abdc1\" data-element_type=\"widget\" data-widget_type=\"image.default\">\n\t\t\t\t<div class=\"elementor-widget-container\">\n\t\t\t\t\t\t\t\t\t\t\t\t\t\t<a href=\"http:\/\/www.emades.ubi.pt\/index.php\/equipa\/artigos-cientificos\/melhoria-da-eficiencia\/\">\n\t\t\t\t\t\t\t<img fetchpriority=\"high\" decoding=\"async\" width=\"399\" height=\"253\" src=\"https:\/\/emades.ubi.pt\/wp-content\/uploads\/2019\/04\/artigos_Prancheta-1.png\" class=\"attachment-large size-large wp-image-1224\" alt=\"\" srcset=\"https:\/\/emades.ubi.pt\/wp-content\/uploads\/2019\/04\/artigos_Prancheta-1.png 399w, https:\/\/emades.ubi.pt\/wp-content\/uploads\/2019\/04\/artigos_Prancheta-1-300x190.png 300w\" sizes=\"(max-width: 399px) 100vw, 399px\" \/>\t\t\t\t\t\t\t\t<\/a>\n\t\t\t\t\t\t\t\t\t\t\t\t\t<\/div>\n\t\t\t\t<\/div>\n\t\t\t\t<div class=\"elementor-element elementor-element-e824a46 elementor-widget elementor-widget-image\" data-id=\"e824a46\" data-element_type=\"widget\" data-widget_type=\"image.default\">\n\t\t\t\t<div class=\"elementor-widget-container\">\n\t\t\t\t\t\t\t\t\t\t\t\t\t\t<a href=\"http:\/\/www.emades.ubi.pt\/index.php\/comunicacao-e-disseminacao\/\">\n\t\t\t\t\t\t\t<img decoding=\"async\" width=\"399\" height=\"253\" src=\"https:\/\/emades.ubi.pt\/wp-content\/uploads\/2019\/04\/artigos_Prancheta-1-co\u0301pia-3.png\" class=\"attachment-large size-large wp-image-1222\" alt=\"\" srcset=\"https:\/\/emades.ubi.pt\/wp-content\/uploads\/2019\/04\/artigos_Prancheta-1-co\u0301pia-3.png 399w, https:\/\/emades.ubi.pt\/wp-content\/uploads\/2019\/04\/artigos_Prancheta-1-co\u0301pia-3-300x190.png 300w\" sizes=\"(max-width: 399px) 100vw, 399px\" \/>\t\t\t\t\t\t\t\t<\/a>\n\t\t\t\t\t\t\t\t\t\t\t\t\t<\/div>\n\t\t\t\t<\/div>\n\t\t\t\t\t<\/div>\n\t\t<\/div>\n\t\t\t\t<div class=\"elementor-column elementor-col-33 elementor-top-column elementor-element elementor-element-e7ed2ec\" data-id=\"e7ed2ec\" data-element_type=\"column\">\n\t\t\t<div class=\"elementor-widget-wrap elementor-element-populated\">\n\t\t\t\t\t\t<div class=\"elementor-element elementor-element-717748b elementor-widget elementor-widget-image\" data-id=\"717748b\" data-element_type=\"widget\" data-widget_type=\"image.default\">\n\t\t\t\t<div class=\"elementor-widget-container\">\n\t\t\t\t\t\t\t\t\t\t\t\t\t\t<a href=\"http:\/\/www.emades.ubi.pt\/index.php\/equipa\/artigos-cientificos\/materiais-avancados\/\">\n\t\t\t\t\t\t\t<img decoding=\"async\" width=\"399\" height=\"253\" src=\"https:\/\/emades.ubi.pt\/wp-content\/uploads\/2019\/04\/artigos_Prancheta-1-co\u0301pia.png\" class=\"attachment-large size-large wp-image-1221\" alt=\"\" srcset=\"https:\/\/emades.ubi.pt\/wp-content\/uploads\/2019\/04\/artigos_Prancheta-1-co\u0301pia.png 399w, https:\/\/emades.ubi.pt\/wp-content\/uploads\/2019\/04\/artigos_Prancheta-1-co\u0301pia-300x190.png 300w\" sizes=\"(max-width: 399px) 100vw, 399px\" \/>\t\t\t\t\t\t\t\t<\/a>\n\t\t\t\t\t\t\t\t\t\t\t\t\t<\/div>\n\t\t\t\t<\/div>\n\t\t\t\t\t<\/div>\n\t\t<\/div>\n\t\t\t\t<div class=\"elementor-column elementor-col-33 elementor-top-column elementor-element elementor-element-0540cd4\" data-id=\"0540cd4\" data-element_type=\"column\">\n\t\t\t<div class=\"elementor-widget-wrap elementor-element-populated\">\n\t\t\t\t\t\t<div class=\"elementor-element elementor-element-95970be elementor-widget elementor-widget-image\" data-id=\"95970be\" data-element_type=\"widget\" data-widget_type=\"image.default\">\n\t\t\t\t<div class=\"elementor-widget-container\">\n\t\t\t\t\t\t\t\t\t\t\t\t\t\t<a href=\"http:\/\/www.emades.ubi.pt\/index.php\/equipa\/artigos-cientificos\/otimizacao-de-produtos\/\">\n\t\t\t\t\t\t\t<img loading=\"lazy\" decoding=\"async\" width=\"399\" height=\"253\" src=\"https:\/\/emades.ubi.pt\/wp-content\/uploads\/2019\/04\/artigos_Prancheta-1-co\u0301pia-2.png\" class=\"attachment-large size-large wp-image-1223\" alt=\"\" srcset=\"https:\/\/emades.ubi.pt\/wp-content\/uploads\/2019\/04\/artigos_Prancheta-1-co\u0301pia-2.png 399w, https:\/\/emades.ubi.pt\/wp-content\/uploads\/2019\/04\/artigos_Prancheta-1-co\u0301pia-2-300x190.png 300w\" sizes=\"(max-width: 399px) 100vw, 399px\" \/>\t\t\t\t\t\t\t\t<\/a>\n\t\t\t\t\t\t\t\t\t\t\t\t\t<\/div>\n\t\t\t\t<\/div>\n\t\t\t\t\t<\/div>\n\t\t<\/div>\n\t\t\t\t\t<\/div>\n\t\t<\/section>\n\t\t\t\t<\/div>\n\t\t","protected":false},"excerpt":{"rendered":"<p>Melhoria da efici\u00eancia energ\u00e9tica em sistemas e m\u00e1quinas Materiais avan\u00e7ados Otimiza\u00e7\u00e3o de produtos e inova\u00e7\u00e3o tecnol\u00f3gica incluindo recursos end\u00f3genos Comunica\u00e7\u00e3o e Dissemina\u00e7\u00e3o<\/p>\n","protected":false},"author":1,"featured_media":0,"parent":16,"menu_order":1,"comment_status":"closed","ping_status":"closed","template":"","meta":[],"_links":{"self":[{"href":"https:\/\/emades.ubi.pt\/index.php\/wp-json\/wp\/v2\/pages\/65"}],"collection":[{"href":"https:\/\/emades.ubi.pt\/index.php\/wp-json\/wp\/v2\/pages"}],"about":[{"href":"https:\/\/emades.ubi.pt\/index.php\/wp-json\/wp\/v2\/types\/page"}],"author":[{"embeddable":true,"href":"https:\/\/emades.ubi.pt\/index.php\/wp-json\/wp\/v2\/users\/1"}],"replies":[{"embeddable":true,"href":"https:\/\/emades.ubi.pt\/index.php\/wp-json\/wp\/v2\/comments?post=65"}],"version-history":[{"count":11,"href":"https:\/\/emades.ubi.pt\/index.php\/wp-json\/wp\/v2\/pages\/65\/revisions"}],"predecessor-version":[{"id":1887,"href":"https:\/\/emades.ubi.pt\/index.php\/wp-json\/wp\/v2\/pages\/65\/revisions\/1887"}],"up":[{"embeddable":true,"href":"https:\/\/emades.ubi.pt\/index.php\/wp-json\/wp\/v2\/pages\/16"}],"wp:attachment":[{"href":"https:\/\/emades.ubi.pt\/index.php\/wp-json\/wp\/v2\/media?parent=65"}],"curies":[{"name":"wp","href":"https:\/\/api.w.org\/{rel}","templated":true}]}}