{"id":75,"date":"2018-03-16T11:48:08","date_gmt":"2018-03-16T11:48:08","guid":{"rendered":"http:\/\/193.136.67.100\/~emades\/?page_id=75"},"modified":"2021-01-12T23:47:47","modified_gmt":"2021-01-12T23:47:47","slug":"emades-nos-media","status":"publish","type":"page","link":"https:\/\/emades.ubi.pt\/index.php\/comunicacao\/emades-nos-media\/","title":{"rendered":"EMaDeS nos Media"},"content":{"rendered":"<p><strong>Ano 2020<\/strong><\/p>\n<p>&gt;<a href=\"http:\/\/www.urbi.ubi.pt\/pag\/19090\">EMaDeS: um projeto empenhado em aumentar a competitividade das empresas da Regi\u00e3o Centro (Jornal Urbi et Orbi).<\/a><\/p>\n<p>&gt;<a href=\"http:\/\/www.boal.ubi.pt\/~jrosa\/Varia\/FAL-JF_SuplementoNovembro2020.pdf?fbclid=IwAR2CeMSZ7Xdem3QqNF4d21HkqR4iEUp7qFzFVBFrkMJglpjtI_NvDhroUPU\">EMaDeS (Jornal do Fund\u00e3o).<\/a><\/p>\n<p>&gt;<a href=\"https:\/\/www.jornaldofundao.pt\/opiniao\/distritos-industriais-e-bricolage-empresarial\/?fbclid=IwAR2CdetmJlj4Nqeq1M5xpp_owqP8rLt-95MMphwN-I4UXNR_azXUB4r-8Ro\">Distritos industriais e bricolage empresarial (Jornal do Fund\u00e3o).<\/a><\/p>\n<p>&gt;<a href=\"https:\/\/econews.pt\/opinion\/industrial-districts-and-business-bricolage-in-portugal\/?fbclid=IwAR13Ptb-j2uHlUyRMw-V_1iaMKn7PCHpKujWsAnKu55vPb_croUu_Ry65bo\">Industrial Districts and Business Bricolage in Portugal (Jornal ECO Portuguese Economy).<\/a><\/p>\n<p><strong>Ano 2019<\/strong><\/p>\n<p>&gt;<a href=\"http:\/\/www.urbi.ubi.pt\/pag\/18168\">III Semin\u00e1rio do EMaDeS na UBI (Jornal Urbi et Orbi).<\/a><\/p>\n<p><strong>Ano 2018<\/strong><\/p>\n<p>&gt; <a href=\"http:\/\/www.urbi.ubi.pt\/pag\/17766\">II Semin\u00e1rio do EMaDeS (Jornal Urbi et Orbi)<\/a><\/p>\n<p>&gt; <a href=\"http:\/\/www.urbi.ubi.pt\/pag\/17740\">Semin\u00e1rio do EMaDeS (Jornal Urbi et Orbi)<\/a><\/p>\n<p>&gt; <a href=\"http:\/\/www.urbi.ubi.pt\/pag\/17716\">Investigadores do EMaDeS apresentam resultados preliminares de investiga\u00e7\u00e3o (Jornal Urbi et Orbi)<\/a><\/p>\n<p><strong>Ano 2017<\/strong><\/p>\n<p>&gt; <a href=\"https:\/\/www.rtp.pt\/noticias\/pais\/universidade-da-beira-interior-com-14-me-para-estudar-producao-de-energia_n983640\">Universidade da Beira Interior com 1,4 ME para estudar produ\u00e7\u00e3o de energia (RTP1)<\/a><\/p>\n<p>&gt; <a href=\"http:\/\/www.rcb-radiocovadabeira.pt\/pag\/36847\">C-MAST: Financiamento Assegurado (R\u00e1dio Cova da Beira)<\/a><\/p>\n<p>&gt; <a href=\"http:\/\/www.urbi.ubi.pt\/pag\/16397\">Projeto EMaDeS apresentado na UBI (Jornal Urbi et Orbi)<\/a><\/p>\n<p>&gt; <a href=\"http:\/\/portocanal.sapo.pt\/noticia\/115036\">Universidade da Beira Interior com 1,4 ME para estudar produ\u00e7\u00e3o de energia (Porto Canal)<\/a><\/p>\n<p>&nbsp;<\/p>\n","protected":false},"excerpt":{"rendered":"<p>Ano 2020 &gt;EMaDeS: um projeto empenhado em aumentar a competitividade das empresas da Regi\u00e3o Centro (Jornal Urbi et Orbi). &gt;EMaDeS (Jornal do Fund\u00e3o). &gt;Distritos industriais e bricolage empresarial (Jornal do Fund\u00e3o). &gt;Industrial Districts and Business Bricolage in Portugal (Jornal ECO Portuguese Economy). Ano 2019 &gt;III Semin\u00e1rio do EMaDeS na UBI (Jornal Urbi et Orbi). Ano&hellip;<\/p>\n","protected":false},"author":1,"featured_media":0,"parent":32,"menu_order":1,"comment_status":"closed","ping_status":"closed","template":"","meta":[],"_links":{"self":[{"href":"https:\/\/emades.ubi.pt\/index.php\/wp-json\/wp\/v2\/pages\/75"}],"collection":[{"href":"https:\/\/emades.ubi.pt\/index.php\/wp-json\/wp\/v2\/pages"}],"about":[{"href":"https:\/\/emades.ubi.pt\/index.php\/wp-json\/wp\/v2\/types\/page"}],"author":[{"embeddable":true,"href":"https:\/\/emades.ubi.pt\/index.php\/wp-json\/wp\/v2\/users\/1"}],"replies":[{"embeddable":true,"href":"https:\/\/emades.ubi.pt\/index.php\/wp-json\/wp\/v2\/comments?post=75"}],"version-history":[{"count":11,"href":"https:\/\/emades.ubi.pt\/index.php\/wp-json\/wp\/v2\/pages\/75\/revisions"}],"predecessor-version":[{"id":1874,"href":"https:\/\/emades.ubi.pt\/index.php\/wp-json\/wp\/v2\/pages\/75\/revisions\/1874"}],"up":[{"embeddable":true,"href":"https:\/\/emades.ubi.pt\/index.php\/wp-json\/wp\/v2\/pages\/32"}],"wp:attachment":[{"href":"https:\/\/emades.ubi.pt\/index.php\/wp-json\/wp\/v2\/media?parent=75"}],"curies":[{"name":"wp","href":"https:\/\/api.w.org\/{rel}","templated":true}]}}

<p><strong>Ano 2020</strong></p>
<p>&gt;<a href="http://www.urbi.ubi.pt/pag/19090">EMaDeS: um projeto empenhado em aumentar a competitividade das empresas da Região Centro (Jornal Urbi et Orbi).</a></p>
<p>&gt;<a href="http://www.boal.ubi.pt/~jrosa/Varia/FAL-JF_SuplementoNovembro2020.pdf?fbclid=IwAR2CeMSZ7Xdem3QqNF4d21HkqR4iEUp7qFzFVBFrkMJglpjtI_NvDhroUPU">EMaDeS (Jornal do Fundão).</a></p>
<p>&gt;<a href="https://www.jornaldofundao.pt/opiniao/distritos-industriais-e-bricolage-empresarial/?fbclid=IwAR2CdetmJlj4Nqeq1M5xpp_owqP8rLt-95MMphwN-I4UXNR_azXUB4r-8Ro">Distritos industriais e bricolage empresarial (Jornal do Fundão).</a></p>
<p>&gt;<a href="https://econews.pt/opinion/industrial-districts-and-business-bricolage-in-portugal/?fbclid=IwAR13Ptb-j2uHlUyRMw-V_1iaMKn7PCHpKujWsAnKu55vPb_croUu_Ry65bo">Industrial Districts and Business Bricolage in Portugal (Jornal ECO Portuguese Economy).</a></p>
<p><strong>Ano 2019</strong></p>
<p>&gt;<a href="http://www.urbi.ubi.pt/pag/18168">III Seminário do EMaDeS na UBI (Jornal Urbi et Orbi).</a></p>
<p><strong>Ano 2018</strong></p>
<p>&gt; <a href="http://www.urbi.ubi.pt/pag/17766">II Seminário do EMaDeS (Jornal Urbi et Orbi)</a></p>
<p>&gt; <a href="http://www.urbi.ubi.pt/pag/17740">Seminário do EMaDeS (Jornal Urbi et Orbi)</a></p>
<p>&gt; <a href="http://www.urbi.ubi.pt/pag/17716">Investigadores do EMaDeS apresentam resultados preliminares de investigação (Jornal Urbi et Orbi)</a></p>
<p><strong>Ano 2017</strong></p>
<p>&gt; <a href="https://www.rtp.pt/noticias/pais/universidade-da-beira-interior-com-14-me-para-estudar-producao-de-energia_n983640">Universidade da Beira Interior com 1,4 ME para estudar produção de energia (RTP1)</a></p>
<p>&gt; <a href="http://www.rcb-radiocovadabeira.pt/pag/36847">C-MAST: Financiamento Assegurado (Rádio Cova da Beira)</a></p>
<p>&gt; <a href="http://www.urbi.ubi.pt/pag/16397">Projeto EMaDeS apresentado na UBI (Jornal Urbi et Orbi)</a></p>
<p>&gt; <a href="http://portocanal.sapo.pt/noticia/115036">Universidade da Beira Interior com 1,4 ME para estudar produção de energia (Porto Canal)</a></p>
<p>&nbsp;</p>

<p>Ano 2020 &gt;EMaDeS: um projeto empenhado em aumentar a competitividade das empresas da Região Centro (Jornal Urbi et Orbi). &gt;EMaDeS (Jornal do Fundão). &gt;Distritos industriais e bricolage empresarial (Jornal do Fundão). &gt;Industrial Districts and Business Bricolage in Portugal (Jornal ECO Portuguese Economy). Ano 2019 &gt;III Seminário do EMaDeS na UBI (Jornal Urbi et Orbi). Ano&hellip;</p>
